e remainder when 5174091 is divided by 757?
753
What is the remainder when 493449 is divided by 59?
32
Calculate the remainder when 251757 is divided by 1134.
9
Calculate the remainder when 225774 is divided by 535.
4
Calculate the remainder when 34229 is divided by 1985.
484
Calculate the remainder when 3962427 is divided by 15.
12
What is the remainder when 14132 is divided by 1488?
740
Calculate the remainder when 2995796 is divided by 1143.
1136
What is the remainder when 4633716 is divided by 734?
708
Calculate the remainder when 1001732 is divided by 212.
32
Calculate the remainder when 80114 is divided by 1131.
944
What is the remainder when 859313 is divided by 591?
590
What is the remainder when 2563666 is divided by 71?
69
What is the remainder when 121128 is divided by 9720?
4488
What is the remainder when 7797047 is divided by 53404?
63
What is the remainder when 7427521 is divided by 1856828?
209
What is the remainder when 187607 is divided by 93666?
275
Calculate the remainder when 1893506 is divided by 45.
41
What is the remainder when 30680217 is divided by 124?
13
What is the remainder when 2916035 is divided by 229?
178
Calculate the remainder when 6174955 is divided by 6174945.
10
Calculate the remainder when 3350492 is divided by 88.
68
Calculate the remainder when 8640598 is divided by 100.
98
What is the remainder when 58304373 is divided by 104?
101
Calculate the remainder when 3775 is divided by 910.
135
Calculate the remainder when 19058288 is divided by 11.
7
What is the remainder when 3577799 is divided by 397532?
11
Calculate the remainder when 215589479 is divided by 4546.
4521
What is the remainder when 2121035 is divided by 176746?
83
What is the remainder when 90458431 is divided by 39?
37
Calculate the remainder when 78595 is divided by 19607.
167
Calculate the remainder when 2993780 is divided by 1797.
1775
Calculate the remainder when 872762 is divided by 174519.
167
What is the remainder when 20594 is divided by 20018?
576
What is the remainder when 20316 is divided by 5063?
64
Calculate the remainder when 148689 is divided by 2612.
2417
Calculate the remainder when 65625 is divided by 1339.
14
What is the remainder when 2015468 is divided by 4422?
3458
What is the remainder when 3012050 is divided by 726?
602
Calculate the remainder when 7104121 is divided by 9.
7
What is the remainder when 6058003 is divided by 368?
355
What is the remainder when 203466 is divided by 2898?
606
Calculate the remainder when 667902 is divided by 333943.
16
What is the remainder when 823287 is divided by 137188?
159
Calculate the remainder when 59023947 is divided by 349.
20
What is the remainder when 11589036 is divided by 101?
94
What is the remainder when 256365 is divided by 196?
193
Calculate the remainder when 386577722 is divided by 22235.
12
What is the remainder when 44527 is divided by 129?
22
Calculate the remainder when 3165134 is divided by 115.
104
Calculate the remainder when 11159186 is divided by 3719728.
2
Calculate the remainder when 95898 is divided by 19167.
63
Calculate the remainder when 10216825 is divided by 65.
60
What is the remainder when 63656 is divided by 58754?
4902
What is the remainder when 27308422 is divided by 2398?
2396
What is the remainder when 4737769 is divided by 62?
39
What is the remainder when 1717680 is divided by 24189?
261
What is the remainder when 128914364 is divided by 16114294?
12
What is the remainder when 5992502 is divided by 336?
278
What is the remainder when 86997 is divided by 84451?
2546
Calculate the remainder when 1140644 is divided by 190101.
38
What is the remainder when 16780838 is divided by 1678079?
48
Calculate the remainder when 64326696 is divided by 52.
44
Calculate the remainder when 245375 is divided by 34.
31
What is the remainder when 147923059 is divided by 10?
9
What is the remainder when 81804 is divided by 26944?
972
Calculate the remainder when 12216159 is divided by 4198.
4177
What is the remainder when 1065262 is divided by 285?
217
What is the remainder when 4200 is divided by 113?
19
Calculate the remainder when 3775922 is divided by 471980.
82
What is the remainder when 16855755 is divided by 35337?
6
What is the remainder when 14714635 is divided by 1?
0
What is the remainder when 15711797 is divided by 200?
197
Calculate the remainder when 733240 is divided by 17030.
950
What is the remainder when 55071117 is divided by 4560?
4557
Calculate the remainder when 4376957 is divided by 2188463.
31
Calculate the remainder when 322798942 is divided by 3692.
3690
Calculate the remainder when 2491332 is divided by 17669.
3
Calculate the remainder when 2122343 is divided by 707423.
74
What is the remainder when 72966 is divided by 12969?
8121
Calculate the remainder when 60930 is divided by 1344.
450
Calculate the remainder when 16136603 is divided by 3102.
3101
Calculate the remainder when 22257 is divided by 3672.
225
Calculate the remainder when 24703 is divided by 3976.
847
What is the remainder when 13295450 is divided by 5218?
5204
Calculate the remainder when 105496 is divided by 3755.
356
Calculate the remainder when 283836335 is divided by 8152.
8151
What is the remainder when 2941443 is divided by 1085?
8
Calculate the remainder when 1404376 is divided by 468122.
10
What is the remainder when 80798278 is divided by 120?
118
What is the remainder when 486074 is divided by 161781?
731
Calculate the remainder when 198712 is divided by 4252.
3120
Calculate the remainder when 1050647 is divided by 27.
23
What is the remainder when 692665 is divided by 2080?
25
Calculate the remainder when 10987672 is divided by 2197414.
602
Calculate the remainder when 6975063 is divided by 13.
4
Calculate the remainder when 148381465 is divided by 666.
661
Calculate the remainder when 554608 is divided by 13865.
8
What is the remainder when 608082 is divided by 2644?
2606
Calculate the remainder when 1726715 is divided by 13.
3
Calculate the remainder when 43401410 is divided by 6.
2
Calculate the remainder when 8921173 is divided by 2230284.
37
What is the remainder when 71893794 is divided by 52?
50
What is the remainder when 85965 is divided by 2000?
1965
Calculate the remainder when 706686 is divided by 3046.
14
Calculate the remainder when 401465604 is divided by 536.
532
Calculate the remainder when 20940702 is divided by 6980196.
114
What is the remainder when 153575 is divided by 2258?
31
What is the remainder when 1073832 is divided by 16?
8
Calculate the remainder when 66841 is divided by 1466.
871
Calculate the remainder when 110601 is divided by 110557.
44
What is the remainder when 720018 is divided by 3117?
3108
Calculate the remainder when 3841995 is divided by 1280664.
3
Calculate the remainder when 364925 is divided by 3882.
17
What is the remainder when 65043882 is divided by 10840645?
12
Calculate the remainder when 1261318 is divided by 1261114.
204
Calculate the remainder when 604146 is divided by 201366.
48
Calculate the remainder when 66115 is divided by 2405.
1180
Calculate the remainder when 66939 is divided by 874.
515
What is the remainder when 2363299 is divided by 37?
35
Calculate the remainder when 1576917 is divided by 2312.
133
What is the remainder when 17388511 is divided by 29?
24
What is the remainder when 551425 is divided by 14878?
939
Calculate the remainder when 67161 is divided by 33308.
545
Calculate the remainder when 304280 is divided by 60244.
3060
Calculate the remainder when 3106409 is divided by 88751.
124
Calculate the remainder when 98496460 is divided by 81.
55
Calculate the remainder when 3948603 is divided by 50623.
9
What is the remainder when 62254353 is divided by 670?
633
Calculate the remainder when 453358 is divided by 75372.
1126
What is the remainder when 16390258 is divided by 841?
9
Calculate the remainder when 5865303 is divided by 8355.
93
What is the remainder when 4419476 is divided by 105225?
26
Calculate the remainder when 8476663 is divided by 1495.
13
Calculate the remainder when 319899 is divided by 2206.
29
What is the remainder when 525957208 is divided by 13?
10
Calculate the remainder when 7300317 is divided by 4540.
4537
Calculate the remainder when 13665365 is divided by 24801.
